, 211
Let p = 68 + -66. Suppose -2*u = -p*j + 232, -1 = -5*u + 4. List the prime factors of j.
3, 13
Let z(p) be the third derivative of -3*p**4/8 + 13*p**3/6 + 14*p**2. List the prime factors of z(-7).
2, 19
Suppose -4*d = -2*n + 272, 146 = -22*n + 23*n - 4*d. What are the prime factors of n?
2, 3, 7
Let w = -5 - -10. Suppose -5*p = -4*m + 21, -12*p - 6 = -2*m - 14*p. Suppose m*q - w*x = 52, x - 4*x = 2*q - 26. List the prime factors of q.
13
What are the prime factors of 2/((70/(-2785))/(-7))?
557
Let o(v) = 153*v - 57. What are the prime factors of o(5)?
2, 3, 59
Let f be (-537)/12 + (-1)/4. Let y = f - -97. What are the prime factors of y?
2, 13
Let c be ((-12)/15)/((-4)/(-30)). Let u = c - -10. Suppose u*n - 60 = -5*f, -5*f + 30 = -5*n + 3*n. What are the prime factors of f?
2
Let m(d) = -d**2 + 5*d + 1. Let s be m(4). Suppose -s*x = -3*x. Suppose 15 = 2*c - 3*b, x*c + 2*c - 45 = -3*b. List the prime factors of c.
3, 5
Let t(i) = -491*i - 61. List the prime factors of t(-4).
11, 173
What are the prime factors of (-7)/(-84) - (-3921)/36?
109
Let k be 10/((-52)/(-24) - 2). Suppose -7*z = -5*z - k. List the prime factors of (-876)/(-15) - 12/z.
2, 29
Let a(q) = -54*q**3 + 4*q**2 - 6*q + 2. What are the prime factors of a(-3)?
2, 757
Suppose -3*o - 2*z = -4*o - 4, -5*o = -5*z. List the prime factors of o/(20/697) + 4/(-10).
139
Let t(y) be the third derivative of y**6/60 + 7*y**5/60 + y**4/6 + y**3/3 + 8*y**2. Let z be t(-5). Let j = z + 131. What are the prime factors of j?
2, 19
Let n = 107 - 115. Let q(k) = -k**3 - 5*k**2 + 11*k - 1. List the prime factors of q(n).
103
Let u be (6 + 1)*(-27)/(-63). Let g be -3 + (3 + -1 - u). What are the prime factors of g/(-14) + (-720)/(-28)?
2, 13
Let a(h) = 15*h - 25. Let u be a(13). Suppose -u - 160 = -3*q. List the prime factors of q.
2, 5, 11
Let m be 1/((-2)/(-10) - (-774)/(-3900)). Suppose 0 = -5*s - g + m, s = -s - 5*g + 260. List the prime factors of s.
2, 5, 13
Let b(v) = v**3 - 10*v**2 - 2. Let a be b(10). Let w be 8/(-12)*-6 - a. Suppose w*j - 147 = -j. What are the prime factors of j?
3, 7
Suppose 136*w - 197028 = -4996. List the prime factors of w.
2, 353
Let v = 2 - -5. Suppose v*c - 3*c - 3*i - 89 = 0, 5*c - 2*i = 113. What are the prime factors of c?
23
List the prime factors of (2850/18)/(1*(-2)/(-12)).
2, 5, 19
Suppose -3*l = -11 - 4. Suppose -l*c + 26 = 6. Suppose 0 = -2*q + 2*k - 4*k + 10, -2*q = c*k - 8. What are the prime factors of q?
2, 3
Let y = -3 - -5. Suppose y*b = -2*b. Suppose b = -3*u + 67 - 7. What are the prime factors of u?
2, 5
What are the prime factors of (-168)/63*573/(-4)?
2, 191
Suppose 2*a - 5*n = -0*n + 585, 1449 = 5*a + n. List the prime factors of a.
2, 5, 29
Let w be -1*(1*-2 - -1). Let n(b) = b**3 - 10*b**2 + 26*b - 6. Let f be n(4). What are the prime factors of f + w/(4/12)?
5
Suppose 2*g - 3*f = 8430, -3*g + 38*f - 33*f + 12647 = 0. What are the prime factors of g?
3, 23, 61
Let j = -242 - 283. Let o = 807 + j. What are the prime factors of o?
2, 3, 47
Let u = -206 + 90. Let t = -169 - u. Let n = t + 86. List the prime factors of n.
3, 11
Let v(q) = -5*q - 17. Let k be 7/((-63)/(-6))*-21. Let a be k*(-2 + 3 + 0). What are the prime factors of v(a)?
53
Let j(k) = 3*k**2 - 39*k + 5. Let a(r) = 2*r**2 - 11*r - 4. Let o be a(7). List the prime factors of j(o).
11, 19
Let g(p) = 26 + 962*p**2 + 5*p + 4*p - 963*p**2. What are the prime factors of g(9)?
2, 13
Let b(r) = r + 0*r - 2 + 12*r**2 + 2 + 1. Let a(y) = y - 9. Let g be a(8). List the prime factors of b(g).
2, 3
Let c = -118 - -571. What are the prime factors of c?
3, 151
Suppose -s + 5*b + 1978 = -0*s, s + 2*b - 1971 = 0. What are the prime factors of s?
1973
Let g = -815 - -469. Let q be g/(-6) + (-2)/(-6). Suppose q = 3*x - 2*o, o - 58 = -2*x - 17. What are the prime factors of x?
2, 5
Let d be 49*(3 - 0)/(-3). Let n be 3/6*-2*d. Let j = -30 + n. What are the prime factors of j?
19
Let i(h) = 32*h**2 + 104*h + 20. What are the prime factors of i(-10)?
2, 5, 109
Let f(k) = 378*k**3 - k**2 + 4*k - 6. List the prime factors of f(2).
2, 1511
What are the prime factors of -4*1 - (-5502)/14?
389
Suppose -l + 4*l - 63 = 0. Let d = l - 43. Let z = 67 + d. What are the prime factors of z?
3, 5
Suppose 0 = -4*p + 50 - 18. Let u(x) = x + 23. Let d be u(-19). Suppose -d*n = w - 5*w + p, w - 4*n = -13. List the prime factors of w.
7
Let y(x) = 8*x. Let u(r) = -r**3 + 9*r**2 + r - 4. Let s be u(9). Let b be y(s). Let j = 71 - b. What are the prime factors of j?
31
Suppose -10*h + 2230 + 3130 = 0. What are the prime factors of h?
2, 67
Let r = 43 + -43. Suppose r = -3*y - 5*y + 304. List the prime factors of y.
2, 19
Suppose -12*l + 17*l - 20 = 0. What are the prime factors of 2*(2 + -4 + l)?
2
Let s = 1135 - -77. List the prime factors of s.
2, 3, 101
Let o = -678 - -4371. What are the prime factors of o?
3, 1231
Let l = 2042 + -943. Suppose -l = -6*d - 253. List the prime factors of d.
3, 47
Let f(g) = 17*g**2 + 20*g + 66. List the prime factors of f(11).
3, 11, 71
Let i be (1/2)/((-11)/(-198)). Suppose -13 + i = -2*r. List the prime factors of r.
2
List the prime factors of (-10 - -6 - 2) + 444.
2, 3, 73
Suppose 0 = -3*p + 6 + 3. Suppose -3*x + 5*w + 354 = x, p*x + 3*w - 252 = 0. What are the prime factors of x?
2, 43
List the prime factors of 1474 - (6/14 - 744/168).
2, 739
Let a = -403 + 956. List the prime factors of a.
7, 79
Suppose 32*r = 30*r. Suppose -3*a = -2*l + 332, r = -5*l - a + 3*a + 819. List the prime factors of l.
163
Suppose -152*w + 161766 = -119*w. List the prime factors of w.
2, 3, 19, 43
Suppose -6*s = -2*s - 20. Suppose s = -2*n - 15. List the prime factors of (-35)/n*(-2 + 8).
3, 7
Suppose 4*b - 4259 = 973. What are the prime factors of b?
2, 3, 109
Let m(z) = 3*z + 11. Let o = -10 + 14. Let g be 14*(o + -3) - 1. What are the prime factors of m(g)?
2, 5
Let g(w) = w**3 + 2*w**2 + 4*w + 3. Let f be g(-2). Let u(v) = 6*v**2 - v - 27. What are the prime factors of u(f)?
2
Suppose 10 = -l - 4*w, 3*l - 5*w + 13 = -0. Let f(a) = -a**3 - 5*a**2 - 6*a + 5. List the prime factors of f(l).
7, 11
Let g(v) = 6*v**2 - 3*v + 2. Let y be g(2). Let p(o) = o**2 - 2*o + 5. Let c be p(2). Suppose -2*j - k + 2 = -60, -c*k = -y. List the prime factors of j.
29
Let b(m) = -m**3 - 2*m + 694. What are the prime factors of b(0)?
2, 347
Suppose 294 = 2*c + 18. List the prime factors of c.
2, 3, 23
Suppose k - 4*w = -0*k + 36, 3*k + 3*w - 63 = 0. Let t be (16/k)/(2/6). Suppose -t*h + 52 + 42 = 0. List the prime factors of h.
47
Let m(l) = 96*l**3 + 2*l**2 - 2*l - 5. Let a(z) = -193*z**3 - 3*z**2 + 4*z + 9. Let t(k) = 4*a(k) + 7*m(k). List the prime factors of t(-1).
101
Let s(o) = 2*o**3 - 27*o**2 + 37*o - 44. What are the prime factors of s(14)?
2, 5, 67
Suppose 3*h - v + 20 = 0, -h = 2*h + 4*v + 25. Let f be (h - -3)*(-9)/6. List the prime factors of f/39 + (-167)/(-13).
13
Let n = -1212 + 2134. List the prime factors of n/8 + (-10)/40.
5, 23
Let w(t) = 6 + 3*t - 3 - 4*t + 9. Let h be w(9). Suppose -5*l + y + 4*y = -40, -h*l - 3*y + 30 = 0. What are the prime factors of l?
3
List the prime factors of (-358 - 0)*13/(-2).
13, 179
Let b be (-1 - (-4)/8)/((-1)/12). Let t(r) = 25*r + 10. List the prime factors of t(b).
2, 5
Suppose -3*s = -0*s + 4*c + 275, s = 4*c - 65. Suppose -5*w - 137 = -u - 43, -99 = -u + 4*w. Let t = s + u. What are the prime factors of t?
2, 17
List the prime factors of ((-6)/5)/((-222)/93980).
2, 127
Suppose -5*a + 3*a - i - 22 = 0, -4*i - 52 = 4*a. Let h(f) = -6*f - 1. What are the prime factors of h(a)?
53
Let n = 17 + -23. Let s = n - -10. List the prime factors of s.
2
Suppose -2*g - a - 1115 = 269, 5*g - 5*a = -3460. Let f = -480 - g. List the prime factors of f/(-6)*(-24)/16.
53
Let o be 1/(-3) - 39/(-9). Suppose -o*a + 76 = -60. Suppose 0 = -5*r - 25, 2*z - a - 44 = 4*r. List the prime factors of z.
29
Suppose 34 = -5*z + 154. Let n = z + 77. What are the prime factors of n?
101
Suppose -323 = -3*s + 343. What are the prime factors of s?
2, 3, 37
Let w(q) = q**3 - 6*q**2 - 6*q - 5. Let n be w(7). Suppose -3 = y - 2, n*k - y + 3 = 0. What are the prime factors of k + 1 + -1 + 21?
19
Suppose -4*i + 32 = -o - 95, 0 = -4*o + 4. Suppose -u = -0*u - i. Let l = u - 18. What are the prime fa